o base 2.
-1000111101
What is 12100 (base 4) in base 15?
1ba
Convert 34683 (base 9) to base 12.
114a0
c (base 14) to base 2
1100
What is -12cc6 (base 13) in base 2?
-1000100101001001
Convert -27368 (base 9) to base 12.
-a882
-100011211 (base 3) to base 13
-3079
-40 (base 9) to base 6
-100
Convert 10100010110011 (base 2) to base 16.
28b3
What is -22020221 (base 3) in base 7?
-23356
-17541 (base 11) to base 14
-8d7a
-90 (base 16) to base 4
-2100
Convert 2132 (base 5) to base 15.
147
Convert 214 (base 10) to base 15.
e4
-33824 (base 10) to base 12
-176a8
Convert 245a (base 11) to base 4.
302023
Convert -111221022 (base 3) to base 9.
-14838
Convert -101203 (base 7) to base 14.
-6403
Convert -20111 (base 6) to base 15.
-baa
Convert 34222 (base 6) to base 12.
2972
Convert 403 (base 9) to base 2.
101000111
Convert 388 (base 14) to base 16.
2c4
Convert 3490 (base 10) to base 5.
102430
-1562 (base 10) to base 4
-120122
Convert 280 (base 9) to base 6.
1030
What is 3b3c (base 14) in base 4?
2203022
Convert -415303 (base 7) to base 8.
-213506
2041 (base 6) to base 2
111001001
Convert -42453 (base 7) to base 13.
-4a37
-1110111000 (base 2) to base 11
-796
What is 1c98 (base 15) in base 6?
44442
-33301 (base 6) to base 3
-20101001
What is -1011011101101110 (base 2) in base 10?
-46958
What is 5bb4 (base 14) in base 6?
202122
What is -614 (base 12) in base 13?
-529
94b (base 13) to base 15
709
Convert 10011221 (base 3) to base 5.
33240
47554 (base 8) to base 10
20332
Convert -110 (base 2) to base 3.
-20
Convert -542 (base 16) to base 11.
-1014
Convert 321 (base 13) to base 8.
1026
Convert -1248b (base 12) to base 15.
-7585
Convert -2276 (base 10) to base 9.
-3108
Convert 8b6 (base 13) to base 10.
1501
Convert 52045 (base 6) to base 10.
6941
11111122 (base 3) to base 13
1658
3c34 (base 16) to base 10
15412
What is 1 (base 2) in base 12?
1
-3652 (base 8) to base 7
-5502
-768 (base 13) to base 7
-3462
24315 (base 6) to base 3
11220102
What is 2001100121 (base 3) in base 5?
2242404
What is 47910 (base 10) in base 4?
23230212
What is -110012 (base 3) in base 13?
-1c4
What is -589 (base 13) in base 4?
-32332
What is 22ae (base 15) in base 16?
1cc4
Convert 1111000101100 (base 2) to base 16.
1e2c
-11110110001 (base 2) to base 12
-1181
15627 (base 8) to base 12
4107
What is 4210 (base 5) in base 12?
3a3
Convert -1000111010010 (base 2) to base 15.
-1542
Convert 231c (base 13) to base 6.
34450
What is 231 (base 14) in base 13?
276
-699 (base 10) to base 8
-1273
Convert -14514 (base 7) to base 9.
-5466
-974 (base 14) to base 4
-131022
Convert 60256 (base 10) to base 3.
10001122201
What is -129 (base 12) in base 7?
-342
-40235 (base 6) to base 14
-1cd1
-58a (base 14) to base 5
-13402
What is 1048 (base 14) in base 4?
223320
Convert 20122 (base 4) to base 11.
44a
Convert -101 (base 9) to base 11.
-75
Convert -22b74 (base 12) to base 2.
-1011011000001000
Convert -50e (base 15) to base 10.
-1139
What is -122440 (base 8) in base 4?
-22110200
What is 323240 (base 5) in base 11?
8354
Convert 21232120 (base 4) to base 15.
bc07
Convert -3c9a (base 15) to base 13.
-5b99
What is 1113230 (base 4) in base 9?
7625
-2361 (base 8) to base 12
-895
234001 (base 5) to base 14
3202
What is -210012 (base 3) in base 7?
-1445
Convert -b62 (base 14) to base 3.
-10002001
Convert -75a6 (base 12) to base 10.
-12942
Convert 1045 (base 11) to base 8.
2544
What is -18d (base 15) in base 3?
-111021
Convert -2 (base 13) to base 8.
-2
What is 1f9 (base 16) in base 5?
4010
What is -11101101101 (base 2) in base 7?
-5354
-212010 (base 3) to base 15
-2b9
Convert -612 (base 7) to base 4.
-10233
-1343001 (base 5) to base 9
-42213
1598a (base 14) to base 9
82084
Convert 951 (base 15) to base 7.
6061
Convert -101100111000110 (base 2) to base 13.
-a5cb
Convert -d36 (base 16) to base 15.
-1007
a2b (base 16) to base 9
3512
-1010001100011 (base 2) to base 4
-1101203
1909 (base 12) to base 8
5731
Convert 1ba (base 15) to base 16.
190
What is 268 (base 12) in base 15?
198
-56502 (base 7) to base 2
-11011111100110
What is -2012333 (base 4) in base 9?
-12758
Convert 1c1 (base 14) to base 12.
265
What is 13012001 (base 4) in base 16?
7181
Convert 2e1b (base 16) to base 14.
4431
What is -3675 (base 10) in base 5?
-104200
What is -33000 (base 4) in base 6?
-4240
5115 (base 8) to base 7
10455
Convert 773 (base 9) to base 16.
279
-1032200 (base 4) to base 13
-2396
What is -967a (base 11) in base 3?
-122112210
What is 33135 (base 7) in base 11?
6272
-1066 (base 9) to base 2
-1100010101
Convert 324430 (base 6) to base 16.
6942
What is -123242 (base 5) in base 9?
-6547
What is -314 (base 7) in base 16?
-9e
20201 (base 10) to base 15
5ebb
What is -1002003 (base 4) in base 7?
-15216
Convert 110111011011 (base 2) to base 7.
13225
Convert 1011101010 (base 2) to base 15.
34b
111100001101 (base 2) to base 14
1593
Convert 200223 (base 4) to base 15.
946
Convert -10222202 (base 3) to base 7.
-11324
Convert 211101200 (base 3) to base 9.
24350
What is -110012121 (base 3) in base 2?
-10001011000011
22703 (base 10) to base 7
123122
What is 10110111 (base 2) in base 12?
133
What is 111010101101 (base 2) in base 16?
ead
Convert 1015 (base 9) to base 2.
1011100111
Convert -4021 (base 5) to base 9.
-627
Convert 518 (base 16) to base 7.
3542
What is -53252 (base 11) in base 2?
-10010111010111001
2d25 (base 16) to base 11
8757
13452 (base 8) to base 13
2912
676 (base 11) to base 14
41b
What is -401d (base 16) in base 12?
-95b9
Convert -5b (base 14) to base 13.
-63
What is 679 (base 13) in base 11?
923
25242 (base 6) to base 16
eba
What is -184 (base 14) in base 5?
-2222
What is a80a (base 14) in base 11?
1a890
78428 (base 9) to base 15
1068e
What is 807 (base 16) in base 14?
a6b
Convert 34013 (base 6) to base 7.
16611
Convert -100111111010 (base 2) to base 3.
-10111121
-f91 (base 16) to base 7
-14422
Convert -300012 (base 4) to base 3.
-11020000
Convert 10111003 (base 4) to base 16.
4543
Convert 5349 (base 12) to base 14.
3481
Convert 903 (base 11) to base 3.
1111110
What is -16267 (base 8) in base 5?
-213401
What is -10000100111 (base 2) in base 15?
-4ad
What is 16020 (base 7) in base 4?
1011321
-3d5 (base 14) to base 6
-3331
Convert 1675 (base 9) to base 14.
679
Convert -2104 (base 5) to base 12.
-1b3
10310 (base 4) to base 6
1232
23ca (base 13) to base 3
20221200
2222000 (base 3) to base 8
4160
-14a6 (base 11) to base 2
-11110001011
Convert 2326 (base 10) to base 14.
bc2
Convert -6e2 (base 15) to base 13.
-932
-313 (base 12) to base 2
-110111111
Convert 23c03 (base 13) to base 3.
10100011222
What is -d59a (base 15) in base 16?
-b059
Convert 1504 (base 7) to base 14.
304
-736 (base 8) to base 6
-2114
110100111110000 (base 2) to base 11
19415
What is -4705 (base 10) in base 5?
-122310
-2ff (base 16) to base 2
-1011111111
5503 (base 8) to base 5
43013
What is -13201 (base 5) in base 11?
-876
Convert -331102 (base 5) to base 14.
-4226
What is 43002 (base 5) in base 2?
101100111101
321112 (base 4) to base 7
13462
-4100114 (base 5) to base 3
-10100001211
Convert -12201010 (base 3) to base 11.
-3143
What is 1926 (base 10) in base 5?
30201
What is -4b7 (base 14) in base 10?
-945
-172 (base 11) to base 3
-21102
What is -1674 (base 9) in base 14?
-678
-12302 (base 4) to base 14
-230
36e4 (base 15) to base 7
46036
-92a3 (base 13) to base 9
-30683
Convert -22310 (base 4) to base 8.
-1264
Convert 1011010011 (base 2) to base 5.
10343
-150535 (base 7) to base 5
-1412313
What is -1065 (base 12) in base 14?
-92d
What is 54056 (base 8) in base 11?
15a62
Convert 1076 (base 10) to base 14.
56c
What is -225 (base 14) in base 10?
-425
What is -22330 (base 4) in base 5?
-10300
What is a67 (base 11) in base 13?
779
What is -2141 (base 11) in base 6?
-21032
What is -1b1 (base 16) in base 4?
-12301
-1041 (base 6) to base 3
-22221
-7c (base 16) to base 3
-11121
What is -1195 (base 11) in base 5?
-22211
Convert 43062 (base 7) to base 4.
2212311
Convert -37274 (base 8) to base 14.
-5bd2
Convert -211120 (base 3) to base 11.
-504
What is -23c (base 16) in base 15?
-282
Convert 2ba5 (base 12) to base 14.
1c4d
Convert -131527 (base 9) to base 16.
-13813
What is 2320 (base 7) in base 14?
447
What is 30424 (base 6) in base 13?
1ac5
10247 (base 10) to base 12
5b1b
-341103 